
2, 31, 3769
What are the prime factors of 2640120?
2, 3, 5, 7, 449
List the prime factors of 396344.
2, 13, 37, 103
What are the prime factors of 628931?
131, 4801
What are the prime factors of 23508470?
2, 5, 2350847
List the prime factors of 22982.
2, 11491
What are the prime factors of 269644?
2, 67411
List the prime factors of 14266247.
17, 109, 7699
What are the prime factors of 219337?
137, 1601
What are the prime factors of 18213603?
3, 83, 193, 379
List the prime factors of 828817.
11, 75347
What are the prime factors of 3992512?
2, 62383
List the prime factors of 48789.
3, 13, 139
List the prime factors of 8127356.
2, 2031839
What are the prime factors of 1983658?
2, 23, 29, 1487
List the prime factors of 17037498.
2, 3, 571, 4973
What are the prime factors of 3230116?
2, 107, 7547
List the prime factors of 389032.
2, 7, 6947
What are the prime factors of 19586124?
2, 3, 61, 991
List the prime factors of 340198.
2, 170099
What are the prime factors of 11193325?
5, 11, 13, 31, 101
What are the prime factors of 3448186?
2, 7, 71, 3469
What are the prime factors of 37053143?
43, 861701
What are the prime factors of 243974?
2, 199, 613
List the prime factors of 1959222.
2, 3, 326537
What are the prime factors of 1804?
2, 11, 41
What are the prime factors of 213047?
19, 11213
List the prime factors of 26021458.
2, 17, 191, 4007
List the prime factors of 2406073.
37, 65029
What are the prime factors of 3298325?
5, 131933
List the prime factors of 8841.
3, 7, 421
What are the prime factors of 1212946?
2, 7, 12377
What are the prime factors of 422139?
3, 223, 631
List the prime factors of 1502101.
1502101
List the prime factors of 547205.
5, 109441
What are the prime factors of 85280?
2, 5, 13, 41
List the prime factors of 710917.
710917
List the prime factors of 53149.
53149
List the prime factors of 32933822.
2, 1201, 13711
What are the prime factors of 9391194?
2, 3, 61, 2851
What are the prime factors of 5024874?
2, 3, 79, 10601
List the prime factors of 347348.
2, 86837
What are the prime factors of 247341?
3, 29, 2843
List the prime factors of 2087273.
23, 151, 601
What are the prime factors of 529409?
631, 839
List the prime factors of 16237257.
3, 5412419
List the prime factors of 231161.
7, 33023
What are the prime factors of 153411?
3, 51137
List the prime factors of 830762.
2, 415381
List the prime factors of 13735221.
3, 4578407
List the prime factors of 2007614.
2, 7, 143401
List the prime factors of 6864105.
3, 5, 457607
What are the prime factors of 275359?
7, 139, 283
What are the prime factors of 3475763?
79, 43997
List the prime factors of 484389.
3, 107, 503
What are the prime factors of 8239859?
97, 84947
List the prime factors of 192609.
3, 21401
List the prime factors of 17065394.
2, 89, 95873
List the prime factors of 2914114.
2, 7, 163, 1277
What are the prime factors of 2501286?
2, 3, 416881
List the prime factors of 2416011.
3, 13, 61949
List the prime factors of 1054621.
1054621
List the prime factors of 220910.
2, 5, 22091
List the prime factors of 1498532.
2, 7, 109, 491
What are the prime factors of 3285072?
2, 3, 7, 3259
List the prime factors of 286985.
5, 57397
List the prime factors of 43861.
23, 1907
List the prime factors of 2736556.
2, 29, 31, 761
What are the prime factors of 4084345?
5, 816869
What are the prime factors of 117000?
2, 3, 5, 13
List the prime factors of 10312006.
2, 739, 6977
List the prime factors of 453584.
2, 28349
List the prime factors of 102547.
102547
List the prime factors of 13010970.
2, 3, 5, 7, 53, 167
List the prime factors of 168425.
5, 6737
List the prime factors of 384892.
2, 96223
List the prime factors of 4827828.
2, 3, 109, 3691
List the prime factors of 3067404.
2, 3, 255617
List the prime factors of 901475.
5, 107, 337
List the prime factors of 8648885.
5, 7, 61, 4051
List the prime factors of 65714.
2, 11, 29, 103
What are the prime factors of 15490279?
7, 61, 36277
List the prime factors of 448919.
17, 26407
List the prime factors of 369617.
89, 4153
List the prime factors of 36544.
2, 571
List the prime factors of 15168790.
2, 5, 7, 13, 79, 211
List the prime factors of 1741946.
2, 257, 3389
List the prime factors of 1558089.
3, 13, 23, 193
List the prime factors of 6109127.
19, 67, 4799
What are the prime factors of 233142?
2, 3, 7, 13, 61
What are the prime factors of 117411?
3, 7, 5591
List the prime factors of 33497.
19, 41, 43
List the prime factors of 3995774.
2, 1997887
List the prime factors of 6439993.
7, 19, 41, 1181
What are the prime factors of 16947?
3, 7, 269
What are the prime factors of 101310?
2, 3, 5, 11, 307
What are the prime factors of 838526?
2, 13, 32251
What are the prime factors of 41317723?
19, 2174617
List the prime factors of 95263.
7, 31, 439
What are the prime factors of 168774?
2, 3, 23, 1223
What are the prime factors of 5832360?
2, 3, 5, 17, 953
What are the prime factors of 1566680?
2, 5, 53, 739
List the prime factors of 501873.
3, 173, 967
List the prime factors of 153205.
5, 13, 2357
What are the prime factors of 20055163?
2381, 8423
What are the prime factors of 26523565?
5, 1733, 3061
List the prime factors of 267458.
2, 173, 773
List the prime factors of 6477369.
3, 97, 22259
List the prime factors of 6287350.
2, 5, 41, 3067
What are the prime factors of 1419072?
2, 3, 19, 389
List the prime factors of 514960.
2, 5, 41, 157
What are the prime factors of 20495027?
7, 2927861
What are the prime factors of 7850165?
5, 463, 3391
What are the prime factors of 667327?
137, 4871
List the prime factors of 22482.
2, 3, 1249
List the prime factors of 2646856.
2, 330857
List the prime factors of 136815.
3, 5, 7, 1303
What are the prime factors of 41639?
13, 3203
What are the prime factors of 1088287?
43, 25309
List the prime factors of 874789.
31, 28219
What are the prime factors of 29584?
2, 43
List the prime factors of 1073568.
2, 3, 53, 211
What are the prime factors of 262329?
3, 87443
List the prime factors of 14833342.
2, 7416671
List the prime factors of 911322.
2, 3, 197, 257
What are the prime factors of 3551307?
3, 1183769
What are the prime factors of 16606965?
3, 5, 593, 1867
What are the prime factors of 525360?
2, 3, 5, 11, 199
List the prime factors of 283493.
7, 40499
What are the prime factors of 2772271?
19, 53, 2753
What are the prime factors of 2098242?
2, 3, 17, 6857
List the prime factors of 10101875.
5, 7, 2309
What are the prime factors of 35716390?
2, 5, 19, 317, 593
List the prime factors of 83056.
2, 29, 179
What are the prime factors of 309036?
2, 3, 7, 13, 283
What are the prime factors of 201960?
2, 3, 5, 11, 17
List the prime factors of 11462469.
3, 53, 72091
List the prime factors of 6372914.
2, 61, 52237
What are the prime factors of 637249?
263, 2423
What are the prime factors of 10864741?
10864741
List the prime factors of 19082441.
7, 19, 143477
What are the prime factors of 22863?
3, 7621
What are the prime factors of 5521706?
2, 127, 21739
List the prime factors of 308389.
19, 16231
What are the prime factors of 274371?
3, 91457
List the prime factors of 263546.
2, 313, 421
List the prime factors of 1461250.
2, 5, 7, 167
List the prime factors of 28203299.
89, 316891
List the prime factors of 1399302.
2, 3, 25913
List the prime factors of 1532192.
2, 47881
List the prime factors of 6948157.
1277, 5441
What are the prime factors of 165426?
2, 3, 79, 349
What are the prime factors of 163079?
7, 23297
List the prime factors of 12973.
12973
List the prime factors of 702420.
2, 3, 5, 23, 509
List the prime factors of 1537857.
3, 170873
List the prime factors of 869848.
2, 7, 317
What are the prime factors of 71709?
3, 11, 41, 53
What are the prime factors of 5733686?
2, 7, 41, 1427
What are the prime factors of 98034?
2, 3, 16339
List the prime factors of 79485.
3, 5, 7, 757
List the prime factors of 362923.
11, 32993
What are the prime factors of 247006?
2, 123503
List the prime factors of 15543984.
2, 3, 17, 43, 443
What are the prime factors of 240524?
2, 157, 383
What are the prime factors of 363921?
3, 29, 47, 89
List the prime factors of 25906765.
5, 5181353
What are the prime factors of 404950?
2, 5, 7, 13, 89
What are the prime factors of 415245?
3, 5, 19, 31, 47
List the prime factors of 112